u - s. What is the remainder when 50 is divided by u?
8
Let y = -71 - -66. Calculate the remainder when 104 is divided by ((-25)/2)/y*(-42)/(-5).
20
Let s = -106 - -118. Suppose -2*l - 67 = -5*l - 4*f, -2*f = -l + 19. What is the remainder when l is divided by s?
9
Suppose 907 + 281 = 11*w. What is the remainder when w is divided by 60?
48
Let b be 190/45 - 2/9. Suppose c + b*d - 13 = 0, -3*c + 2*c + 21 = 2*d. Calculate the remainder when c is divided by 15.
14
Let g = 299 - 294. What is the remainder when 17 is divided by g?
2
Let o(b) be the third derivative of 0*b**4 - 1/120*b**6 - 1/60*b**5 + 59/6*b**3 + 9*b**2 + 0*b + 0. What is the remainder when o(0) is divided by 20?
19
Let f = -12 - -49. What is the remainder when f is divided by 22?
15
Calculate the remainder when 124 is divided by (-9)/(-1) + 2 - (-73 + 67).
5
Let d be (-3)/(-2)*(3 + 5/(-3)). Calculate the remainder when (-14)/(-5)*5/1 is divided by (-8)/(0 - 4/d).
2
Suppose -2*n = -5*w - 71, -3*n + 7*w + 74 = 6*w. Calculate the remainder when 79 is divided by n.
10
Suppose 0 = -12*g + 342 + 762. What is the remainder when g is divided by ((-16)/(-10))/(9/135)?
20
Let o(c) = c**2 + 7*c + 6. Let q be o(-7). Let v = q - 15. Let g(b) = -b - 3. What is the remainder when 22 is divided by g(v)?
4
Suppose -5*t + 4*t = 2*c - 19, 12 = t - 5*c. Calculate the remainder when 65 is divided by t.
14
Let j(h) = -2*h**3 - 12*h**2 - 7*h - 17. Calculate the remainder when j(-6) is divided by (-22)/(-5) - 16/40.
1
Let x(f) = 7*f**3 - 2*f**2 - 3*f + 5. Suppose -48 = -4*j - 0*j - 4*l, 2*l = 0. Calculate the remainder when x(2) is divided by j.
11
What is the remainder when 8 is divided by 42/(-49)*-3 - 6/(-14)?
2
Suppose 3*j + g - 10 = -0*j, 0 = 4*j - g - 18. Let u = 5 - j. Calculate the remainder when 0 - u/((-3)/33) is divided by 5.
1
Let f(r) be the second derivative of r**5/20 + r**4/12 + r**3/6 + 23*r**2/2 + 10*r. What is the remainder when f(0) is divided by 13?
10
Suppose 4*b + 4*y = 4, -b + 5 = y - 2*y. Suppose -b*t = -43 - 8. Calculate the remainder when 201 is divided by t.
14
Let z(s) = 5*s**2 - 11*s + 15. Calculate the remainder when z(5) is divided by 29.
27
Let r(s) = -4*s + 3. Let k be r(4). Let o(n) = -3*n + 4. Let p(t) = t. Let y(z) = o(z) + 2*p(z). Calculate the remainder when 66 is divided by y(k).
15
Suppose 36 = w + c, -5*c + 33 = -3*w + 125. What is the remainder when 36 is divided by w?
2
Let s(j) be the first derivative of 23*j**4/4 - j**3/3 + 11. Calculate the remainder when 43 is divided by s(1).
21
Let v(q) = -q**2 + 15*q - 9. What is the remainder when 91 is divided by v(8)?
44
Let s(i) = -i**2 + 11*i + 4. Let g(a) = 2*a**2 + 34*a + 6. Let v be g(-17). Calculate the remainder when 132 is divided by s(v).
30
Let m = 17 + -15. Suppose 2*t - m*o - 138 = 0, -3*t - 4*o - 113 = -355. Calculate the remainder when t is divided by 15.
14
Suppose 3*g = 6*g - 99. What is the remainder when 127 is divided by g?
28
Let s(c) = -c**3 - 3*c**2 + 3*c + 3. Let a be 0 + (-1)/((-3)/(-12)). Calculate the remainder when 26 is divided by s(a).
5
Suppose -175 = 5746*x - 5753*x. Calculate the remainder when 120 is divided by x.
20
Let n(y) = 2*y**2 - 3 + 2*y - 1 - 6 + 4. Calculate the remainder when n(3) is divided by ((-15)/9)/(1/(-6)).
8
Suppose -20 = -t - w, w + 98 = 5*t + 5*w. Let r = -9 + t. Suppose 24*z - 32*z = -280. What is the remainder when z is divided by r?
8
Let o be 8/(-10) + (-222)/(-15). Calculate the remainder when (o - -2)*(1 + 1) is divided by 20 + -1 + (-6)/3.
15
What is the remainder when 164 is divided by (-29)/(8/(-32)*6/3)?
48
Suppose 0 = -29*n - 339 + 1064. Calculate the remainder when 97 is divided by n.
22
Suppose 5*b - 3*b - 130 = -4*g, 3*b - 99 = -3*g. What is the remainder when g is divided by 12?
8
Suppose -2*i = 3*o - 86, -5*o = 11*i - 12*i + 17. Calculate the remainder when i is divided by 10.
7
Suppose 117 = 1616*g - 1615*g. What is the remainder when g is divided by 36?
9
Let b = -865 - -886. Calculate the remainder when 82 is divided by b.
19
Let o be 72/18 - (1 + -13). Suppose n + 115 = 5*a - o, 5*n = 5*a - 135. What is the remainder when a is divided by 9?
8
Let s be 98/21 - (-2)/6. Let o be (-3)/s - (-126)/35. Suppose 4*l - j = 348, -o*l + 3*j + 317 = 47. Calculate the remainder when l is divided by 29.
28
Suppose 43 = 5*g - 4*b - 20, -g - 4*b = -3. Calculate the remainder when 162 is divided by g.
8
Let w(o) = 590*o - 588. Suppose t = 4 - 2. What is the remainder when w(1) is divided by t?
0
Let p be (-4)/14 - (-153)/21. Let v(c) = -c**3 + 7*c**2 + 9*c + 9. Let f = 14100 + -14063. What is the remainder when v(p) is divided by f?
35
Let h = 215 - 176. What is the remainder when h is divided by 18?
3
Suppose -4*m - 40 = -60, 0 = -2*r - m + 433. Calculate the remainder when r is divided by 54.
52
Let t = 18 + -9. Suppose -10*d + 12 = -t*d. Calculate the remainder when 43 is divided by d.
7
Let c be 19*2*(17 + -15). Suppose -2*t - 2*m = t - c, -2*m = 2. Calculate the remainder when 49 is divided by t.
23
Let v(b) = -b**3 + 16*b**2 - 5*b - 110. What is the remainder when v(13) is divided by 67?
64
Let u(j) = -4*j**3 + 15*j**2 - 19*j + 1. Let o(k) = 2*k**3 - 7*k**2 + 10*k - 1. Let t(i) = 11*o(i) + 6*u(i). Calculate the remainder when 27 is divided by t(6).
6
Let p(z) = z**2 + 11*z - 12. Suppose c = -5*k - 9 + 28, 0 = 4*k - 8. What is the remainder when p(-14) is divided by ((-6)/4)/(c/(-48))?
6
What is the remainder when 312 is divided by (-1 - 3/(-2))/(46/1932)?
18
Suppose 4*p + s - 321 = 0, 0 = -5*p + 61*s - 60*s + 408. Calculate the remainder when p is divided by 21.
18
Let l(b) = -b**3 + 8*b**2 - 2*b - 10. What is the remainder when l(4) is divided by 28?
18
Suppose 4499 = -8*i + 4539. Suppose r + 0*r - 3 = 0. Suppose -25 = i*q, -r*q = -2*k + 2*q + 47. Calculate the remainder when 43 is divided by k.
10
Let z be 35/(-20) + 2/(-8). Let j(d) = d**2 - 7*d + 10. Let n be j(6). Calculate the remainder when 23 is divided by (-50)/(-4) - z/n.
10
Suppose 0 = -2*g + 5*u + 11 + 2, 2 = -2*u. Calculate the remainder when (-3)/(12/(-10))*6 is divided by g.
3
Suppose -c + 3*s - 2 = 0, c + 4*s - 33 = -0*c. Calculate the remainder when 23 is divided by c.
10
Let i = -45 + 77. What is the remainder when (-2)/3*3 + 18 is divided by 5*2 - i/8?
4
Suppose 5*d - 4*b = -b + 210, 0 = -5*d - 2*b + 235. Calculate the remainder when 220 is divided by d.
40
Let t = -334 + 373. What is the remainder when 181 is divided by t?
25
Suppose -3*s = s - 4, 0 = 5*u + 2*s - 252. Let a = u + -157. Let c = 166 + a. Calculate the remainder when c is divided by 20.
19
Suppose 2*g - 1249 = w, -1239 = -2*g + 4*w - w. Calculate the remainder when g is divided by 70.
67
Let y(t) = 12*t + 3. Let p be y(-4). Let v be p/(-6)*(0 + -2). Let d = v + 36. What is the remainder when 40 is divided by d?
19
Let n be 2368/(-20) + -5 - 4/(-10). Let i = 153 + n. Calculate the remainder when 82 is divided by i.
22
Let m(g) = -3 - 10*g - g**3 + 13*g**2 - 4*g**2 - 9. Suppose 3*t + 5*h = t + 72, 0 = 2*t + h - 64. Calculate the remainder when t is divided by m(7).
15
Let j(r) = -1 + 5*r - r - 5*r. Let t be j(-5). Suppose 3*m + 3*p - 2*p = 46, -p = t*m - 60. Calculate the remainder when 40 is divided by m.
12
Let m be 9 + -2*(-1 - -3). Suppose -3*v + m*y + 474 = 0, -2*y = 2*v + 2*v - 658. Suppose 5*q + 18 = v. What is the remainder when q is divided by 8?
5
Suppose -2*n + 7 = 1, -3*x + 5*n = 51. Let f be (-32)/x*3/2. Calculate the remainder when 67 is divided by 35/2 + (-2)/f.
16
Suppose 0 = -46*p + 15*p + 186. What is the remainder when 69 is divided by p?
3
Let f(k) = -6*k**3 - 3*k**2 + 3*k + 7. Calculate the remainder when f(-2) is divided by 3.
1
Suppose 3*w + 6*a - 30 = 24, -w + 3*a + 38 = 0. What is the remainder when 62 is divided by w?
10
Let c(o) = 16*o - 45. Calculate the remainder when c(5) is divided by 10.
5
Suppose -180 = -14*k + 11*k. Suppose -7*d + k = -3*d. Calculate the remainder when 43 is divided by d.
13
Let s(v) = -2*v**2 + 14*v - 15. Let h be s(6). Let f be ((-7)/(-21))/(1/h). What is the remainder when (-106 - -10)*(f - 0) is divided by 33?
30
Let n be (-6)/15 + (303/(-5) - -1). Let y = -30 - n. Calculate the remainder when y is divided by 17.
13
Let k = 8 + -12. Let i be (30 - (k + 3)) + -3. Suppo